v + 4*x - 6. Suppose m = -m + 62. What is the remainder when m is divided by v?
9
Let u be ((0 - -5) + -5)/(-2). Suppose 12*a + 2*a - 616 = u. What is the remainder when 258 is divided by a?
38
Suppose 36*l - 38*l = -12. Calculate the remainder when 704 is divided by (l/(-4))/(-2 + (-95)/(-50)).
14
Suppose 0*j = 3*j - 33. Calculate the remainder when ((-117)/(-117))/(3 + 1036/(-346)) is divided by j.
8
Let y(m) = -1. Let n(p) = -5 - 38*p + 23*p + 14*p. Let f(r) = -n(r) + 6*y(r). What is the remainder when 35 is divided by f(10)?
8
Let l(u) = 3*u**2 + 4*u - 2. Let b = 119145 + -119131. What is the remainder when l(5) is divided by b?
9
Let h be (-6966)/(-18) + (-2 - 0). Suppose -31*p - h = -38*p. Suppose 88 = 2*j - 236. Calculate the remainder when j is divided by p.
52
Let x be -3 - (-52)/12 - 2/(-6)*23. Let n = 20 - 12. Suppose n = -5*y + 3*o + 25, -y - 5*o + x = 0. What is the remainder when y is divided by 3?
1
Suppose 0 = -20*p + 642 + 458. Let b = -32 + p. Calculate the remainder when 78 is divided by b.
9
Suppose 31*k - 6027 = 4110. Calculate the remainder when k is divided by 45.
12
Suppose x = 4*y + 339, 0 = x - 2*y - 230 - 95. What is the remainder when 2784 is divided by x?
296
Let a be 10*-7 - (-5 - -8). Let l = a - -179. What is the remainder when (-1)/((-108)/l + 1) is divided by 14?
11
Suppose 18*m = -0*m + 3600. Let t = m + -132. Calculate the remainder when 405 is divided by t.
65
Suppose -n - 5*b - 102 = -4*n, -4*b - 680 = -16*n. Suppose 3*j + 177 = 3*s, -5*j = -1 - 4. Suppose -s = 3*f - 8*f. What is the remainder when n is divided by f?
8
Let g(b) = -4*b**3 + 3*b**2 - 1. Let w = 31 - 29. Calculate the remainder when 212 - w/6*3 is divided by g(-2).
39
Let i be 6/(-15) + 2496/15 + 6. Suppose 16*f = 20*f - i. Calculate the remainder when f is divided by 22.
21
Suppose 0 = 82*s - 86*s + 132. Suppose s*m = 32*m + 16. Suppose 4*b - t - m = 0, -5*t + 40 = 8*b - 4*b. What is the remainder when 18 is divided by b?
3
Let h(b) be the third derivative of -7*b**5/60 - 49*b**4/24 - 5*b**3/6 + 8*b**2 + 5. Calculate the remainder when h(-5) is divided by 22.
21
Let w = 3007 - 2926. Calculate the remainder when 281 is divided by w.
38
Let a be (-4)/(-4)*(241 - 0). Suppose -a = -10*g + 139. Calculate the remainder when 189 is divided by g.
37
Suppose -5*k = -20, -2*i + i + 19 = 4*k. Suppose -5*o - i*y = 16, -2*o + 2 = -6*y + 3*y. What is the remainder when 74/(-2*2/o) is divided by 7?
2
Suppose 9*o = 12*o - 12, 0 = 4*v - o - 908. Let h = v - 204. Calculate the remainder when h is divided by 4.
0
Let k(c) = 3256*c**2 - 36*c - 7. What is the remainder when k(-2) is divided by 22?
21
Let w = -439 - -601. What is the remainder when w is divided by 149?
13
Suppose -139*v + 3031 = -2251. Let q(a) = a**3 + 6*a**2 + 6*a + 2. Calculate the remainder when v is divided by q(-4).
8
Suppose -5*z - 4*m = 85 - 499, 3 = 3*m. Suppose 1792 = -2*q + 16*q. Suppose -17*y + 246 = -q. What is the remainder when z is divided by y?
16
Let o(k) = -178*k - 862. Suppose c + 1 = 2*l + 25, -3*l + 20 = 2*c. What is the remainder when o(-5) is divided by c?
12
Let w(p) = 154*p - p**2 - 92*p - 45*p + 0 + 8. Let h(u) = -u**2 + 10*u - 8. Let k be h(6). Calculate the remainder when 119 is divided by w(k).
23
Let v = -35115 - -35137. Calculate the remainder when 13484 is divided by v.
20
Let c = 294 + -170. Calculate the remainder when 3469 is divided by c.
121
Suppose 22*h + 27*h + 6*h - 6105 = 0. What is the remainder when h is divided by 7?
6
Let y(u) = -u**2 + 10*u - 3. What is the remainder when y(7) is divided by (0 + -51*(-6)/18)*(1 + 0)?
1
Let x(d) = -d**3 + 3*d**2 + 5*d + 1. Let y be x(-2). Let v be 4383/33 - (6/y)/(-3). Let l = v + -40. Calculate the remainder when l is divided by 19.
17
Let q = 158 - 29. Let z = 87 - q. Let h = z + 70. Calculate the remainder when h is divided by 6.
4
Let f(w) = w**3 - 14*w**2 + 78*w - 194. What is the remainder when 108 - (-3 + 1 + 0) is divided by f(7)?
2
Suppose -14*l - 2390 = -332*l - 160*l. Suppose 2*r + 2*r = 20. Suppose -r*q + 0*w - w = -65, -5*q - 4*w = -80. Calculate the remainder when q is divided by l.
2
Suppose 0*i + 150 = 2*i. Suppose -2*d = -5*v - 3*d + 19, -2*v = -4*d + 10. Suppose 39 = 4*k - v*k. Calculate the remainder when i is divided by k.
36
Let t(r) = 113*r - 8324. What is the remainder when 6797 is divided by t(74)?
33
Suppose 232*g - 20*g = -53*g + 1180045. What is the remainder when g is divided by 99?
97
Suppose -13161 = -33*s - 3426. Calculate the remainder when s is divided by 138.
19
Suppose 5*s + 5*c = 5, 0*s + 2*s = -4*c + 4. Let z = 3 - s. What is the remainder when (2 - (0 + z)) + 45 is divided by 16?
12
Suppose 0 = -4*l - 12 + 28. Suppose 3*n - l*r = 256, -3*n + 109 = 2*r - 177. Let t(b) = -b**2 - 10*b + 19. What is the remainder when n is divided by t(-10)?
16
What is the remainder when (-141 - -8)*((-14)/21)/(4/6) is divided by 125?
8
Suppose -1691*f = -1696*f + 665. Calculate the remainder when 1089 is divided by f.
25
Calculate the remainder when (352/(-8))/22 - -3691 is divided by 22.
15
Suppose -285 + 85 = -25*r. Calculate the remainder when -1*2*(r - (-348)/(-8)) is divided by 21.
8
Let n = -781 + 271. Let y = 533 + n. What is the remainder when 41 is divided by y?
18
Let a(v) = -19*v + 1839. Calculate the remainder when 170 is divided by a(92).
79
Let p be -2 + ((-40)/2)/(-5). Suppose 2*x + 30 = 4*b, -p*b + 2*x = 7*x + 3. Let w(d) = 8*d - 9. Calculate the remainder when w(b) is divided by 8.
7
Let c(p) = -82*p - 638. Suppose 2*n - 346 = -4*r, -3*n = 4*r + n - 336. Calculate the remainder when r is divided by c(-8).
17
What is the remainder when (2 + (-3428)/16)*(-340)/85 is divided by 276?
21
Suppose 2*r + 52 = 2*y, -3*r - 2*r + 140 = 5*y. Calculate the remainder when 3264 is divided by y.
24
Suppose 24*z + 7*z - 124 = 0. Suppose z*h + h - 100 = 0. What is the remainder when 235 is divided by h?
15
Suppose -15 = 5*p, 95 + 61 = 3*g + 4*p. Calculate the remainder when 69 is divided by g.
13
Suppose 18*s - 24 = 48. Suppose -4*z - 11*x + 20 = -15*x, -s*x + 36 = 3*z. What is the remainder when 45 is divided by z?
5
Suppose -3*y = 5*d - 10 - 46, 4*d = -5*y + 50. What is the remainder when 200 is divided by d?
0
Suppose -28*m + 25*m + 3 = 0. Let q be 3 + -2 - (m - 1). Calculate the remainder when 68 is divided by 23 - 0/(-1*(q - 0)).
22
Let s(o) = 27*o**3 - 4*o**2 + 7. Let j be s(3). Let h = j + -688. Calculate the remainder when 165 is divided by h.
9
Calculate the remainder when (-36)/(-27)*13/((-104)/(-7716)) is divided by 108.
98
Let m(o) = -5*o**2 + 88*o - 14. Suppose 0*f + 17 = f. Calculate the remainder when m(f) is divided by 17.
3
Suppose 427*c + 150 = 433*c. Calculate the remainder when (1 + 0)*323/1 is divided by c.
23
Suppose -5*a = x - 468, 72*a + 1980 = 4*x + 74*a. Calculate the remainder when x is divided by 74.
54
Suppose 4*k - 5*m - 31 + 2 = 0, 3*m = 4*k - 27. What is the remainder when -111*(-4)/k*3 is divided by 25?
22
Let s = -989 - -1953. Let p = 407 + -338. Calculate the remainder when s is divided by p.
67
Let r(a) = -a**3 + 8*a**2 + 7*a + 8. Let s be r(9). Let p be 6/(((48/20)/4)/s). What is the remainder when 15/((-15)/p*2) is divided by 26?
24
Suppose 133*h + 91 = 6829 + 2173. What is the remainder when 654 is divided by h?
51
Suppose 4*g - 4*i = -20 - 88, 4*g - 5*i + 110 = 0. Let a = 43 + g. What is the remainder when 53 is divided by a?
17
Let f(a) = -9*a**2 - 373*a - 94. What is the remainder when f(-38) is divided by 17?
13
Let f = 1118 + -1107. What is the remainder when (-1 + 283)*1/2 is divided by f?
9
Let i(d) = -14*d - 6. Let z(b) = -b. Let u(n) = i(n) - z(n). Let k be u(-1). Let v = 90 + k. Calculate the remainder when v is divided by 25.
22
Suppose 0 = -39*p - 26*p + 11440. Calculate the remainder when 176 is divided by p.
0
Suppose 0 = -8*r + r - 0*r. Suppose x = q + 4 + 88, r = -4*x - q + 343. Let k(a) = 12*a + 1. What is the remainder when x is divided by k(1)?
9
Let t be -4 + (6*6/(-9))/(-1). Suppose t = 5*b + 137 - 722. What is the remainder when b is divided by -2 - (2 - 19 - -3)?
9
Suppose 70 = 2*x + 2*n - 102, n = -5. Calculate the remainder when 16014 is divided by x.
89
Let q = 8920 - 8724. What is the remainder when 457 is divided by q?
65
Let i = 